ulate the remainder when g(0) is divided by (62/4)/(3/6).
29
Suppose 19*a + 304 = 38*a. What is the remainder when 110 is divided by a?
14
Suppose i = -13*i. Suppose i = 14*m - 9*m - 105. Calculate the remainder when m is divided by 7.
0
Let x be 2/3 - (-1)/3. Suppose w - 2*q + 1 = 8, -w - x = 2*q. Calculate the remainder when 16/10 - (-2 + 1) - 3620/(-9050) is divided by w.
0
Suppose -3*t = 2*j - 37, -t = -0*j - 3*j + 6. Let r(s) = s**2 - 8*s - 1. Calculate the remainder when r(t) is divided by 2.
0
Suppose -3*o + 30 = -39. Calculate the remainder when o is divided by 5.
3
Suppose -320 = 5*d - 21*d. What is the remainder when 40 is divided by d?
0
Suppose 6*h - 2*h = -12, 5*i + 2*h = 149. Suppose -2*a = -7 - 5. Suppose 5*x - a*k - 46 = -3*k, -3*k - 13 = -2*x. What is the remainder when i is divided by x?
9
Let c be -6 + 4 + 3 + 3/(-1). What is the remainder when c/(-8) + (-107)/(-4) is divided by 7?
6
Calculate the remainder when (8703/15 - -8) + (-1)/5 is divided by 16.
12
Suppose -8*i = -752 - 120. Calculate the remainder when i is divided by 7.
4
Let t be -3 + 3 + -2 + 17. Let b be t*-4*2/(-8). Suppose -3*f + v + b = -13, 3*f = -4*v + 23. What is the remainder when f is divided by 6?
3
Let w(v) be the first derivative of -v - 4 + 17/2*v**2. Calculate the remainder when 61 is divided by w(1).
13
Let g be 2/(-2 - (-144)/68). Let n = g - 0. Let b = n + -6. Calculate the remainder when 31 is divided by b.
9
Suppose -p - 4*f + 10 = 3, -5*p - f = -73. Calculate the remainder when 326 is divided by p.
11
What is the remainder when 207 is divided by (-1 - 0)*(11/1 + -32)?
18
What is the remainder when 5*(3/(-15))/(9/(-747)) is divided by 25?
8
Let f = 5 + 17. Calculate the remainder when (33 + -1)*(-3 + 5) is divided by f.
20
Suppose -3*n - 9 = -3. Let w(t) = -2*t. Let b be w(n). What is the remainder when b/(-10) - 254/(-10) is divided by 13?
12
Let a(h) = h**2 - 25*h - 32. Let r be a(29). Suppose -5*j = 2*j - r. Calculate the remainder when 21 is divided by j.
9
Suppose 7*h - 2*h = 85. Suppose 0 = p - 5, -5*a = -2*a - p - 10. Calculate the remainder when h is divided by a.
2
Let l(i) = 69*i**3 - 2*i**2 + i. Suppose 4*j - 24 = 0, 40*y = 35*y + 4*j + 91. What is the remainder when l(1) is divided by y?
22
Calculate the remainder when 335 is divided by -2*6*(-161)/28.
59
Let y(i) = -9*i**3 + 2*i + 1. Let m be y(-1). Suppose 0 = -m*x + 11*x - 42. Suppose 0 = -t + x + 8. Calculate the remainder when t is divided by 8.
6
Let x(d) = -d**3 + 6. Let w be x(0). Suppose h + 4 = -4*f, 0 = -5*h + f + w + 16. Suppose 183 = h*c - 129. What is the remainder when c is divided by 20?
18
Let z(v) = -2*v**3 + 19*v**2 - 12*v + 42. What is the remainder when 298 is divided by z(9)?
13
Suppose 5*y - 3*g - 50 - 41 = 0, 0 = 4*y - 5*g - 78. Suppose b - 21 = u, 2*u - y = -2*b + 5. Let w = 66 - 22. Calculate the remainder when w is divided by b.
12
Let t(m) = m**2 + 11*m - 11. Let u = 60 - 34. What is the remainder when t(11) is divided by u?
23
Let h(q) = 2*q**3 + q**2 - q - 1. Let r be h(-1). Let z(v) = -110*v + 1. Calculate the remainder when z(r) is divided by 28.
27
Suppose 14*p = 7*p. Suppose -2*q - 21 = -4*q + 3*c, p = 4*q - 3*c - 51. Calculate the remainder when q is divided by 9.
6
Let z(n) = n + 9. Let d be z(-5). Suppose d*i = -i. Calculate the remainder when -1 - (-3 - i) - -59 is divided by 16.
13
Let w = -7 + 20. Let b = w - 12. Suppose b = -2*z + 91. What is the remainder when z is divided by 24?
21
Let y be 142/8 + 6/(-8). Suppose -5*r + 4*k + y = 0, -3*r + 3*k = -k - 7. Suppose -2*i - i + 39 = 0. Calculate the remainder when i is divided by r.
3
Suppose d + 2*d + 15 = 0. Let v(o) = -o**3 - 3*o**2 + 9*o + 10. What is the remainder when 58 is divided by v(d)?
13
Let d = 77 + -45. Let y = d - 26. Let z(h) = 5*h**2 - h - 1. What is the remainder when z(2) is divided by y?
5
Let f(p) = p + 12. Let b be f(-5). Suppose 0 = -b*x + 127 + 13. Calculate the remainder when (-1)/(-3) + 460/6 is divided by x.
17
What is the remainder when 29 + (-3)/(-5)*65/(-13) is divided by 7?
5
Suppose -2*m - 4*u = -759 + 277, -4*u = -2*m + 498. What is the remainder when m is divided by 31?
28
Let h = -18 - -16. Let n be h/(-4) + (-37)/(-2). Suppose 4*w + 20 + 6 = l, -l - 3*w + n = 0. What is the remainder when 85 is divided by l?
19
Let c = 176 + -76. Calculate the remainder when 114 is divided by c.
14
Suppose -4*z = -12, 5*z = 3*a - 6*a + 51. Let j(d) = 5*d - 3. Let u be j(1). Suppose -u*k + 17 = 7. Calculate the remainder when a is divided by k.
2
Suppose 3*f - 10 - 5 = 0. Suppose -f*h = 3*b - 11, 4*h + 4 = -0*h + 4*b. Calculate the remainder when 41 is divided by 14/h - 3*1.
8
Let h(w) = -w**3 - 4*w**2 + 4*w - 1. Let j be h(-3). Let i = j - -25. Calculate the remainder when 8 is divided by i.
2
Let t = 27 + -15. Suppose -r = 3 - t. Suppose 0 = 2*v - 5*y, -4*v + 4*y = -8 - 4. Calculate the remainder when r is divided by v.
4
Suppose -12 = s - 4*o, 3*s = 5*o - 4 - 11. Suppose 3*z - x = 38, s = -2*z - z - 3*x + 18. What is the remainder when 43 is divided by z?
10
Calculate the remainder when 1374 is divided by (8 - -65 - -8)*1.
78
Let b = 436 - 133. Calculate the remainder when b is divided by 38.
37
Let s(f) = -f**3 - 13*f**2 - 40*f - 25. What is the remainder when s(-11) is divided by 27?
11
Let j(q) = q**2 - 12*q - 1. Calculate the remainder when 1593 is divided by j(-5).
81
Let b(l) = l**3 + 13 - 14 - l + 5*l + 6*l**2. Calculate the remainder when 8 is divided by b(-5).
0
Let u = -49 + 100. Let m(q) = -q**3 - 11*q**2 - 11*q + 3. Calculate the remainder when u is divided by m(-10).
12
Let p = 101 + -18. Calculate the remainder when 231 is divided by p.
65
Suppose 4*x - 3*q = 218 + 75, -3*q + 204 = 3*x. Calculate the remainder when x is divided by 16.
7
Suppose 10336 = -q + 10409. Calculate the remainder when q is divided by 39.
34
Let m = 1245 - 1204. What is the remainder when 116 is divided by m?
34
Suppose 1785 = 28*o - 931. Calculate the remainder when o is divided by 22.
9
What is the remainder when 7 - 19*(-2 + -2) is divided by 14?
13
Let j be (-1)/(-4) - 44/(-16). Let h be 314/8 - (-2)/(-8). Suppose h = -j*z + 6*z. Calculate the remainder when 25 is divided by z.
12
Suppose 0 = -3*a - 4 - 56. Let f be (-6)/5*a/6. Suppose -y = -f*y + 33. Calculate the remainder when 41 is divided by y.
8
Let i be (-22)/((-6)/(-3)) - -3. Let l be (-52)/(-14) + i/(-28). Suppose 0*d + d - 3*r = 86, l*r = -3*d + 284. Calculate the remainder when d is divided by 31.
30
Suppose -4*s + 170 = 14. Calculate the remainder when s is divided by 23.
16
Suppose 0 = -7*d + 9*d + 16. Calculate the remainder when (-835)/(-7) + d/28 is divided by 24.
23
Let k = 4 - -2. Let s(o) = -o**3 + 12*o**2 - 19*o + 7. Calculate the remainder when s(10) is divided by k.
5
Suppose -337 - 279 = -8*p. What is the remainder when 305 is divided by p?
74
Let x(j) = -j**3 - 3*j + 1. What is the remainder when x(-4) is divided by -4 + 2 - (-3 + -15)?
13
Suppose 2*u = 4*j - 326, -7*u = -2*j - 3*u + 148. What is the remainder when j is divided by 61?
23
Suppose -a + 0*a - 3*s = -60, -2*s = 2*a - 124. What is the remainder when a is divided by 0/(-5) + (1 - -12)?
11
Let p be (-1152)/114 + 2 - 4/(-38). Calculate the remainder when 24 is divided by (p/(-24))/((-3)/(-126)).
10
Suppose 62*d - 5*z = 61*d - 20, -d = 4*z - 25. Calculate the remainder when 244 is divided by d.
4
Let n(v) = 3*v - 24. Let j be n(8). Suppose j = -l - 3*x - 0*x + 41, 0 = l - 5*x - 41. What is the remainder when l is divided by 14?
13
Suppose 2*d + d - 27 = 0. Suppose 14 = -5*p + 4*w, -1 - d = 4*p - 2*w. Let o = p - -10. What is the remainder when 21 is divided by o?
5
Let i be 6/14 + -3 + 1020/21. Let f = i + -21. Calculate the remainder when f is divided by 9.
7
Let j be (-637)/(-35) + (-2)/10. Calculate the remainder when (1/(1/j))/2 is divided by 2.
1
What is the remainder when 11 - (-106)/(-10) - 4666/(-10) is divided by 7?
5
Let d = -296 - -338. Calculate the remainder when d is divided by 18.
6
Let d(i) = i**3 + 7*i**2 + 9*i. Let u = -6 + 10. Calculate the remainder when d(-4) is divided by u.
0
Suppose 4*b + 5*m = 366, 2*m - 61 = -b + 29. What is the remainder when b is divided by 24?
22
Suppose -5*g = 7 - 32. Let t(i) = -83*i - 2510. Calculat